 the ten thousands digit of 1681995?
8
What is the ten millions digit of 18053510?
1
What is the units digit of 132539?
9
What is the thousands digit of 4870912?
0
What is the thousands digit of 5340655?
0
What is the thousands digit of 1208840?
8
What is the units digit of 7937097?
7
What is the thousands digit of 279576?
9
What is the thousands digit of 12119668?
9
What is the thousands digit of 8982979?
2
What is the hundred thousands digit of 213532?
2
What is the units digit of 47706?
6
What is the hundreds digit of 8409?
4
What is the tens digit of 651477?
7
What is the ten thousands digit of 7759288?
5
What is the hundred thousands digit of 5750003?
7
What is the millions digit of 1142011?
1
What is the hundreds digit of 10394606?
6
What is the thousands digit of 12798053?
8
What is the ten thousands digit of 12504?
1
What is the ten thousands digit of 238684?
3
What is the hundreds digit of 150109?
1
What is the thousands digit of 734689?
4
What is the units digit of 1555761?
1
What is the hundreds digit of 2709303?
3
What is the hundred thousands digit of 205948?
2
What is the ten thousands digit of 164383?
6
What is the units digit of 3182661?
1
What is the millions digit of 16942974?
6
What is the tens digit of 1936615?
1
What is the tens digit of 90853?
5
What is the hundred thousands digit of 17839078?
8
What is the hundreds digit of 1644493?
4
What is the tens digit of 678864?
6
What is the ten thousands digit of 925212?
2
What is the thousands digit of 66395?
6
What is the hundreds digit of 125002?
0
What is the hundreds digit of 7011858?
8
What is the ten thousands digit of 2771077?
7
What is the millions digit of 10481203?
0
What is the ten thousands digit of 1112252?
1
What is the tens digit of 95515?
1
What is the ten millions digit of 12337401?
1
What is the hundred thousands digit of 2169617?
1
What is the tens digit of 7545636?
3
What is the ten thousands digit of 1843117?
4
What is the millions digit of 16968744?
6
What is the units digit of 382104?
4
What is the ten thousands digit of 3527390?
2
What is the tens digit of 176887?
8
What is the millions digit of 19559923?
9
What is the units digit of 265676?
6
What is the units digit of 84951?
1
What is the ten thousands digit of 670274?
7
What is the thousands digit of 91490?
1
What is the units digit of 129468?
8
What is the thousands digit of 1362516?
2
What is the thousands digit of 28784026?
4
What is the units digit of 9601528?
8
What is the thousands digit of 6983868?
3
What is the hundreds digit of 1035542?
5
What is the units digit of 533213?
3
What is the millions digit of 1493981?
1
What is the units digit of 1016805?
5
What is the ten thousands digit of 2673650?
7
What is the tens digit of 3022060?
6
What is the tens digit of 19902342?
4
What is the hundreds digit of 9660794?
7
What is the tens digit of 221031?
3
What is the thousands digit of 7943655?
3
What is the thousands digit of 5557014?
7
What is the ten thousands digit of 208854?
0
What is the millions digit of 2726469?
2
What is the ten thousands digit of 583828?
8
What is the millions digit of 5553322?
5
What is the units digit of 109110?
0
What is the thousands digit of 326252?
6
What is the units digit of 72569?
9
What is the hundreds digit of 4261980?
9
What is the hundreds digit of 131695?
6
What is the tens digit of 127111?
1
What is the hundreds digit of 678069?
0
What is the hundreds digit of 5028612?
6
What is the units digit of 75339?
9
What is the units digit of 5453278?
8
What is the thousands digit of 2628550?
8
What is the hundreds digit of 389692?
6
What is the millions digit of 1024256?
1
What is the units digit of 147631?
1
What is the tens digit of 5807974?
7
What is the hundred thousands digit of 1543072?
5
What is the thousands digit of 158796?
8
What is the thousands digit of 8827166?
7
What is the ten thousands digit of 971853?
7
What is the tens digit of 112236?
3
What is the hundreds digit of 390217?
2
What is the ten thousands digit of 2854809?
5
What is the units digit of 515358?
8
What is the thousands digit of 41650?
1
What is the hundred thousands digit of 364498?
3
What is the ten thousands digit of 4743556?
4
What is the hundreds digit of 113149?
1
What is the ten thousands digit of 9210314?
1
What is the ten thousands digit of 657043?
5
What is the ten thousands digit of 1193683?
9
What is the thousands digit of 1994178?
4
What is the ten thousands digit of 6139714?
3
What is the hundred thousands digit of 1145745?
1
What is the thousands digit of 232815?
2
What is the tens digit of 102358?
5
What is the ten thousands digit of 10334935?
3
What is the hundreds digit of 182811?
8
What is the thousands digit of 19588535?
8
What is the hundred thousands digit of 1515810?
5
What is the ten thousands digit of 1956681?
5
What is the ten thousands digit of 187479?
8
What is the hundreds digit of 23426835?
8
What is the ten thousands digit of 16272815?
7
What is the ten thousands digit of 444806?
4
What is the thousands digit of 160884?
0
What is the hundreds digit of 1025978?
9
What is the thousands digit of 10937125?
7
What is the thousands digit of 8596618?
6
What is the thousands digit of 970488?
0
What is the tens digit of 11735831?
3
What is the hundred thousands digit of 4362074?
3
What is the thousands digit of 332288?
2
What is the hundreds digit of 158069?
0
What is the ten thousands digit of 523218?
2
What is the millions digit of 2872991?
2
What is the hundreds digit of 10097487?
4
What is the thousands digit of 5278532?
8
What is the hundred thousands digit of 1304054?
3
What is the ten thousands digit of 351079?
5
What is the units digit of 15263930?
0
What is the millions digit of 2734173?
2
What is the thousands digit of 312858?
2
What is the thousands digit of 51417?
1
What is the hundred thousands digit of 3231570?
2
What is the tens digit of 22575?
7
What is the hundreds digit of 145664?
6
What is the thousands digit of 24468284?
8
What is the hundreds digit of 7345978?
9
What is the ten millions digit of 15251738?
1
What is the tens digit of 1119141?
4
What is the hundreds digit of 111047?
0
What is the ten thousands digit of 494559?
9
What is the hundred thousands digit of 1592173?
5
What is the units digit of 1274641?
1
What is the hundreds digit of 926264?
2
What is the hundreds digit of 608025?
0
What is the tens digit of 3483824?
2
What is the thousands digit of 42644?
2
What is the units digit of 1879785?
5
What is the hundreds digit of 2899385?
3
What is the hundreds digit of 162607?
6
What is the thousands digit of 1233010?
3
What is the thousands digit of 3211162?
1
What is the thousands digit of 17081785?
1
What is the units digit of 2315868?
8
What is the tens digit of 503055?
5
What is the millions digit of 21799544?
1
What is the hundred thousands digit of 667197?
6
What is the units digit of 1361443?
3
What is the hundreds digit of 404624?
6
What is the hundred thousands digit of 849391?
8
What is the tens digit of 593249?
4
What is the ten thousands digit of 133105?
3
What is the thousands digit of 545840?
5
What is the units digit of 11003437?
7
What is the units digit of 2333248?
8
What is the units digit of 2646877?
7
What is the hundred thousands digit of 217940?
2
What is the hundreds digit of 449060?
0
What is the tens digit of 2588564?
6
What is the ten thousands digit of 1076855?
7
What is the thousands digit of 10252529?
2
What is the tens digit of 174747?
4
What is the tens digit of 582662?
6
What is the hundred thousands digit of 505048?
5
What is the hundreds digit of 1225366?
3
What is the tens digit of 249882?
8
What is the millions digit of 20294928?
0
What is the millions digit of 4916071?
4
What is the tens digit of 6019899?
9
What is the hundred thousands digit of 2116076?
1
What is the millions digit of 1211920?
1
What is the ten thousands digit of 11089?
1
What is the tens digit of 4562436?
3
What is the ten thousands digit of 9417977?
1
What is the millions digit of 5983429?
5
What is the tens digit of 143315?
1
What is the hundreds digit of 4169764?
7
What is the ten millions digit of 26766657?
2
What is the hundred thousands digit of 622892?
6
What is the thousands digit of 6482341?
2
What is the ten millions digit o